e
Suppose 307 = 2*q - 5*t, -q + 3*t = 37 - 192. Is q a prime number?
False
Is 1*(586 + -3 + 4) a prime number?
True
Let m(v) = 4*v**2 - 34*v - 22. Is m(-10) a prime number?
False
Let b = -84 + 197. Is b prime?
True
Let y(c) = 5*c - c**3 - 2*c + 5*c + 7. Let z(v) = -v**3 - v**2 + v + 1. Let x(q) = -y(q) + 2*z(q). Is x(-4) a composite number?
True
Let i(c) = 2 - 4 - 2*c + 0. Let z be i(-6). Is (-4)/z + 374/10 prime?
True
Suppose 5*f - 6 + 96 = 0. Let w = f - -31. Let v = 20 - w. Is v prime?
True
Let w(b) = 2*b**3 - 3*b**2 + 1. Let r be w(2). Suppose 0 = q - r*q + 16. Is q a composite number?
True
Suppose 1781 = 6*u - 193. Is u prime?
False
Let x(a) = -a**2 - 11*a - 3. Suppose -2*l + 6*j = 3*j - 34, 68 = 4*l - 5*j. Let b = l - 27. Is x(b) prime?
True
Is -3 - 57/(-21) - (-35517)/21 a prime number?
False
Let c(z) = -3*z**3 + z**2 + z + 5. Is c(-4) composite?
True
Is 290/6 - 8/6 a prime number?
True
Suppose q - b + 43 = 0, 4*q - 3*b + 240 = 70. Let y = 95 + q. Is 12/y + (-1195)/(-9) a prime number?
False
Let a be (-14)/(-8) + 3/12. Let u be a/(-8) - 23/4. Is 20/u*57/(-2) prime?
False
Let w be (-3 - (0 + 0))/(-1). Suppose i - 742 = -w*c - 2*c, 3*c - i - 450 = 0. Is c composite?
False
Let m(u) = 2 + 0*u - 4 - 2*u. Let a be m(3). Let n = 45 + a. Is n prime?
True
Let n be (20/8)/((-2)/(-4)). Let b be (n/(-10))/((-2)/20). Suppose 0 = -d + 4*y + 22, b*d - 2*d = -y + 27. Is d prime?
False
Let k = -1114 + 1631. Is k a composite number?
True
Let k = -40 - -94. Let b = -36 + 7. Let l = k + b. Is l composite?
True
Let f(w) = w**3 + 3*w**2 - w + 2. Let c be f(-3). Suppose -4*b - 69 = -c*b. Is b a composite number?
True
Suppose 0*c = -c - 4. Let i(k) = k**3 - k**2 - k - 7. Let j(o) = o**3 - o - 6. Let q(v) = 3*i(v) - 4*j(v). Is q(c) composite?
True
Suppose 0*j = 5*j + 2*y - 8, -y = 2*j - 4. Suppose b - 2 + 8 = j. Is 3/2*(-148)/b composite?
False
Let h(m) = m**3 - 7*m**2 - m + 3. Let x(n) = 2*n - 3. Let t be x(5). Let b be h(t). Is 19 + (-2)/b*0 prime?
True
Let u be 39/3 + 1 + -2. Suppose -4*o = -2*o - u. Suppose -3*g - 2*m + 103 = -o*m, -3*g + 5*m + 101 = 0. Is g a prime number?
True
Let s(y) = -y**3 - 6*y**2 + 5*y - 9. Let d be s(-7). Suppose 3*r = 12, d*i + 2*r - 1 = -3. Is 35 - 2 - i/(-1) a composite number?
False
Let s(l) = -2 - 4 - 1 - 24*l. Suppose 3*i + 42 = 21. Is s(i) prime?
False
Is (-3372)/(-108) - (-2)/(-9) composite?
False
Let t be (-16)/88 - 937/(-11). Suppose 0 = -4*y + 8, 3*y + 58 + t = h. Is h prime?
True
Suppose 10*p - 10272 + 2482 = 0. Is p a prime number?
False
Suppose 0 - 4 = -5*q + w, -5*w = -q + 20. Let x be (-10)/((-2 - -1) + q). Suppose -5*k + x = -25. Is k composite?
False
Suppose -2956 = -5*f + 799. Is f a composite number?
False
Let w = 752 - 243. Is w prime?
True
Suppose 2*x - 21 = 5*x. Let o be x/(-2)*48/28. Is -6*o/(-9) - 1 prime?
True
Let v be (1 + 0)*-1 + 1. Suppose -4*d - 16 = v, -3*i + 0*i - 5*d + 181 = 0. Is i composite?
False
Suppose 3*b - 6*o + 4*o = 23, 12 = -3*o. Suppose 4*s + b*g - 207 = 0, -5*g + 50 = s - 2*g. Is s a prime number?
True
Let k = -236 + 709. Let n = k - 136. Is n prime?
True
Let d = -77 - -232. Let b = -12 + d. Is b a prime number?
False
Let l(a) = a**3 - 12*a**2 + 8*a - 7. Is l(12) prime?
True
Let a = -116 - -229. Is a a composite number?
False
Let z = -359 + 990. Is z a composite number?
False
Let x = 32 - -59. Is x a prime number?
False
Suppose -8 = 4*z - 2*z. Let u(s) = -s**3 - 3*s**2 + 7*s + 6. Let k be u(z). Is 183/(-2)*8/k prime?
False
Let s = 9 + -8. Is (69/1 - 3) + s a prime number?
True
Let a be (-74)/(-14) - (-6)/(-21). Suppose 3*x - 163 = a*s, -x - 265 = -6*x + 5*s. Is x composite?
True
Let i(t) = t**2 + 2*t + 4*t + 3 + 4. Let m be i(-5). Suppose 5*s + 0*s - m*a = 598, -s - 4*a = -102. Is s composite?
True
Let o(n) = 2*n**2 - 3*n + 2. Let m be o(-3). Let c = 55 - m. Is c a prime number?
False
Is 3*((-651)/(-9) - 2) a prime number?
True
Suppose 2*w + 2*s = 340, -3*w + 4*s = -s - 550. Let y be (1 + -3)/(3/147). Let a = w + y. Is a a composite number?
True
Is (98 + 1 - 2)/1 composite?
False
Suppose 4*m + 5*u = -1533 + 5464, -3*m - 3*u + 2946 = 0. Is m prime?
False
Let a(b) = 1725*b + 20. Is a(3) a prime number?
False
Let x = -26 - -15. Let w(t) = -t**2 + 4*t + 8. Let p be w(6). Is p/22 - 871/x a prime number?
True
Suppose -8*h + 182 = -4*h - 5*t, -4*h = -2*t - 188. Suppose 6*w - w - 3*x = 74, 3*w = 3*x + h. Is w a prime number?
True
Let i(t) = 57*t + 4. Is i(11) prime?
True
Let h(f) = -62*f + 13. Is h(-9) prime?
True
Let v(f) = f**3 - 5*f**2 + 6*f + 4. Let a be v(5). Suppose -a = -c + 3*g + 45, -g = 0. Is c a composite number?
False
Is (-7018)/33*3/(-2) a composite number?
True
Suppose m + 80 = -3*m. Let w be m - (3/(-3))/(-1). Let y = 52 + w. Is y a prime number?
True
Let f(q) = q + 11. Let p be f(-9). Is (1211 + p)/(-2 - -3) prime?
True
Let u = 5 - 3. Suppose u*t + 2*t - 812 = 0. Is t prime?
False
Let v(i) = 12*i**2 + 66*i + 12. Let q be -2 + 2 - (-2)/(-1). Let b(p) = -p**2 - 5*p - 1. Let s(z) = q*v(z) - 27*b(z). Is s(-3) prime?
False
Let x(f) = f**2 + 5*f. Let n be x(-5). Suppose -y + 2 = n, 0 = w - 2*w + 5*y - 7. Suppose -70 = -4*r - 5*i, 0 = w*r - 2*i + i - 43. Is r prime?
False
Let y = -8 + 40. Is (2 + y/(-20))*65 a composite number?
True
Let m = 300 - 151. Is m prime?
True
Let w = 592 - -309. Is w composite?
True
Suppose -92*g = -96*g + 10068. Is g prime?
False
Let h(s) = s**3 + 7*s**2 + 5*s - 1. Let p be h(-6). Suppose 0*i - 500 = -p*i. Suppose 0 = 5*m - i + 5. Is m a prime number?
True
Let l = -3 - -5. Let i(u) = 3*u**3 - 3*u**2 + 2*u - 3. Is i(l) composite?
False
Is (1 + (-3)/6)*1774 a composite number?
False
Suppose 0 = 2*l - 108 - 90. Suppose 5*r - 484 = -l. Is r a prime number?
False
Suppose 0 = -f - f. Suppose -4*i + 92 = -f*i. Is i composite?
False
Let s = -1145 + 3094. Is s a composite number?
False
Suppose f + 4*p = 675, -3*p + 5*p = -4*f + 2630. Suppose -3*u = -239 - f. Suppose 3*r + u = 5*r. Is r a composite number?
False
Is 632/4*(-2)/(-4) a prime number?
True
Let s(t) = -6*t + 4 + 2*t + 1 + t**3 - 2. Let x be s(2). Suppose 0*k - 93 = -x*k. Is k a composite number?
False
Suppose -3*p - 52 = -247. Is p prime?
False
Suppose -5*v + a + 55 = -369, -5*a - 20 = 0. Let g = v + -39. Suppose -2*y + g + 17 = 0. Is y composite?
False
Let x be -4*((-3)/2)/(-3). Is 2718/30 + x/(-5) a composite number?
True
Let r be 0/2 - (-4 + 1). Suppose -r*d + 106 = -d. Is d a composite number?
False
Let r = 0 - -89. Is r a prime number?
True
Let m(d) = -7*d**2 + d - 1. Let w be m(1). Let f = -5 - w. Is (-3)/(f/(1*-14)) a prime number?
False
Suppose 5*p + 2 = 12. Suppose 6 = p*q - 0. Suppose -18 = -0*h - q*h. Is h a composite number?
True
Let f(i) = 53*i. Is f(13) prime?
False
Suppose -k + 5*c - 8 = 0, -4*k + 3*c - 7*c + 16 = 0. Suppose 0 = k*g - 7 - 7. Let p(i) = -i**3 + 7*i**2 + 2*i - 1. Is p(g) composite?
False
Suppose -2*d + 4*d - 10090 = 0. Is d a composite number?
True
Suppose 0 = -5*i - 2*t - 74 - 446, -2*i - 208 = -4*t. Let j = 481 + i. Is j composite?
True
Let w = -151 + 248. Is w a composite number?
False
Let z = -15 - -9. Suppose -r = -5*r - 16. Is (-6)/r*(-8)/z a prime number?
True
Suppose 0 = z - 3*z - 320. Let s = z - -419. Is s composite?
True
Suppose 0 = 8*o - 11*o + 777. Is o prime?
False
Suppose 5*a - 433 - 4102 = 0. Is a a composite number?
False
Let t(q) = q + 3. Let r be t(-2). Let s(k) = -340*k**3 + k**2 - k + 1. Let c be s(r). Let a = c - -484. Is a prime?
False
Let i = 0 - -43. Is i prime?
True
Let g(v) = 2*v**3 - 6*v**2 - 6*v - 5. Is g(5) a prime number?
False
Let r = 1074 + -355. Is r composite?
False
Suppose -281 = -2*f + f. Suppose -f - 334 = -5*g. Is g a composite number?
True
Let n = 46 - 33. Suppose 2*l + a + a = 0, 0 = -2*l + 5*a + 14. Let b = n - l. Is b a composite number?
False
Let m(z) = 10*z**2 + z + 2. Let x be m(2). Let t = x + -23. Is t prime?
False
Is (8559/36)/((-6)/(-8)) composite?
False
Let u(n) be the third derivative of 7*n**6/30 - n**5/60 + n**4/12 - n**3/6 - 3*n**2. Let r = -3 - -5. Is u(r) a composite number?
False
Suppose 0*r - 369 = -3*r. Is r prime?
False
Let g = 7 - -52. Is g prime?
True
Let b(j) = -j**3 + 15*j**2 + 24*j - 9. Is b(16) composite?
True
Suppose -w = -5*b + w - 9, 5*b + 21 = -2*w. Let h be 35*-3*2/(-3). Let k = b + h. Is k a composite n